se 4*d + 5*w = 44, 5*w - 6 = -5*d + 54. Suppose -4*z - z = 0, 0 = -2*r - 5*z - d. Let a = r - -25. What is the highest common factor of 119 and a?
17
Let c(v) = 38*v - 180. Let x be c(5). Calculate the highest common divisor of x and 340.
10
Suppose -450 + 250 = -5*g. Calculate the highest common factor of 340 and g.
20
Let n = 682 - 190. Suppose n = -5*t + 1332. What is the highest common divisor of 24 and t?
24
Let i be 3/((-27)/(-343)) - (-141)/(-1269). Let y = 178 + -83. Calculate the highest common divisor of i and y.
19
Let q = -1967 + 1994. What is the highest common divisor of 693 and q?
9
Suppose -2*h - 928 + 1144 = 0. What is the greatest common factor of 60 and h?
12
Let w be 255*-1*2/(-5). Suppose 483 = 24*q - 333. What is the highest common divisor of w and q?
34
Let a = -230 + 244. What is the highest common factor of 126 and a?
14
Let n be (-24)/64 - 184972/(-32). Calculate the greatest common divisor of 20 and n.
20
Let j(q) = -q - 1. Let p be j(-3). Suppose -5*z + i = -2*z - 53, -p*z + 42 = i. Let f = 128 + -52. What is the greatest common factor of f and z?
19
Let t = -606 + 638. Let u be 2/(-5) - (-37)/5. Let o be 0 + u - (-1 - 0). What is the highest common factor of o and t?
8
Let s = -513 + 520. Suppose 3*l + 0*l - 168 = 0. What is the greatest common divisor of s and l?
7
Let v = 308 + 36. Calculate the greatest common divisor of 43 and v.
43
Suppose -47*d - 6510 = -77*d. Calculate the greatest common factor of d and 14.
7
Suppose 45*d - 48*d + 68 = -5*a, 0 = -3*a + 15. Calculate the greatest common divisor of d and 3.
1
Let k be ((-30)/(-4))/(9*5/150). Let c be 3/(-15) + 1955/k. What is the highest common divisor of c and 6?
6
Let y(o) be the second derivative of -9*o + 2*o**2 + 1/2*o**3 + 0 + 5/12*o**4. Let i be y(3). What is the highest common factor of 87 and i?
29
Suppose 4*v - 20 = 0, -3*v = -5*n - 12 + 437. Suppose -13*u = -25 - 79. What is the greatest common factor of n and u?
8
Suppose -h + 31 = b, -b + h = 4*h - 21. Let p = 3863 - 3827. Calculate the highest common factor of p and b.
36
Let n = 50 + -13. Suppose 26 = 3*k - n. What is the greatest common factor of 84 and k?
21
Suppose -37*t = -11*t - 572. What is the highest common divisor of t and 44?
22
Let m(a) = 2*a**3 + a**2 + 1. Let y be m(2). What is the greatest common factor of 189 and y?
21
Let m be (780/(-104))/(((-15)/4)/5). What is the greatest common divisor of 190 and m?
10
Let h(f) = f**3 - 11*f**2 + 10*f - 8. Let g be h(11). Let d(a) = a**3 - a**2 - 109*a + 6. Let v be d(11). What is the greatest common factor of g and v?
17
Suppose -358 = -2*m - 70. What is the greatest common divisor of m and 18?
18
Let x = -22 + 12. Suppose 0 = -15*t - 5*t - 320. Let d = x - t. Calculate the greatest common factor of 66 and d.
6
Let y(l) = l**3 - 11*l**2 + 4*l - 16. Let s be 10 + 2/(0 - (-6 - -4)). Let d be y(s). Calculate the greatest common factor of d and 42.
14
Suppose 0 = -72*k + 5633 + 847. Calculate the greatest common factor of k and 234.
18
Let l(d) = 14*d**2 + 21*d - 116. Let h(k) = 5*k**2 + 7*k - 39. Let m(f) = -11*h(f) + 4*l(f). Let b be m(10). What is the greatest common factor of b and 15?
15
Suppose 0 = 3*a + 2*a - 120. Let b(c) be the second derivative of -c**3/3 - c**2 - 3*c. Let u be b(-4). What is the greatest common factor of u and a?
6
Let o(d) = 4*d**3 - d**2 - 3*d + 3. Let k be o(2). Let s = -8 + k. Let j(c) = -c**2 - c + 17. Let r be j(0). What is the greatest common factor of r and s?
17
Let w(t) = t**2 + 73*t - 108. Let u be w(-76). What is the highest common divisor of 40 and u?
40
Let h = -74 + 151. Let z = 22 + -32. Let p be (z/(-1) - 3) + 4. Calculate the highest common factor of h and p.
11
Let p be (-1)/(3/21) + (3237 - 0). Calculate the highest common divisor of 17 and p.
17
Let w(z) = 17*z - 2. Let b(k) = 11*k - 1. Let s(h) = -8*b(h) + 5*w(h). Let p be s(-5). Calculate the highest common divisor of p and 104.
13
Let i(j) = j + 6. Let h be i(-6). Suppose q + 2*q = h. Suppose q = k - 4*k + 6. Calculate the highest common divisor of 2 and k.
2
Let v = 22 + -18. Suppose 228 = 4*c + 4*k, -v*k - 212 = -3*c - c. Let a be 22/(-3*4/(-6)). What is the greatest common divisor of c and a?
11
Let f = 138 + -82. Let t(p) = -8*p + 8. Let m be t(0). Calculate the highest common factor of m and f.
8
Suppose 86 = 2*g + 3*j, g + g - 106 = 2*j. Let w = g + 23. Let t(q) = 4*q - 71. Let c be t(20). Calculate the greatest common factor of c and w.
9
Suppose 0*q = -2*q + 18. Suppose -3*y + q = -6. Suppose -3*c + 10 = -y. What is the greatest common factor of 20 and c?
5
Let a = -1824 - -1863. Calculate the greatest common factor of 36 and a.
3
Let p = 1354 - 309. Calculate the greatest common divisor of 190 and p.
95
Let f = -92 - -123. Suppose 3*t - 980 = -4*n, -4*t = -2*n + 254 + 258. What is the greatest common factor of n and f?
31
Suppose -36*b + 3479 = -2821. Calculate the greatest common factor of 7 and b.
7
Let s(h) = -2*h + 13. Let v be s(-16). Calculate the highest common divisor of v and 90.
45
Let h(v) = v**3 - v + 11. Let y be h(0). Let g = -26 + 29. Suppose -u - u + 72 = g*n, -4*u + 3*n + 126 = 0. What is the highest common factor of y and u?
11
Let u(n) = -n**3 - 12*n**2 - 16*n - 16. Let w be u(-11). Let y = 38 - w. Let i be 3*y - 252/(-9). Calculate the greatest common divisor of 5 and i.
5
Let m = -298 - -476. Suppose 6*b = m - 34. Calculate the greatest common divisor of 16 and b.
8
Let u(m) = 29*m + 82. Let x be u(4). What is the greatest common divisor of x and 220?
22
Let a(p) = -p**2 + 5*p - 3. Let y be a(3). Let z(v) = v + 1. Let k be z(1). Let g be 1 + 24 + k*1. What is the highest common factor of y and g?
3
Suppose x = 3*d - 27, 3*d + 0*d = 4*x + 27. Let b be 58/18 - (10 + (-704)/72). Calculate the highest common divisor of d and b.
3
Let a = -326 - -230. Let m be a*4/((-16)/6). What is the highest common divisor of 16 and m?
16
Suppose -43*n = -40*n - 30. Suppose n = 2*t - 4*y, 3 = -2*t - 3*y + 6. What is the highest common divisor of 3 and t?
3
Suppose 10*g - 429 = -69. What is the greatest common factor of 48 and g?
12
Let p = 12 + -18. Let o be (-1)/(((-3)/p)/(-1)). Calculate the highest common factor of o and 22.
2
Suppose -3*v = 3*v - 12. Suppose -i - 2*i - v*b + 9 = 0, -4*b + 13 = i. Suppose 3 = y + i. What is the greatest common factor of y and 14?
2
Suppose 5*c + 89 = 3*x - 80, 4*x = -3*c - 113. Let t = c - -116. Calculate the highest common divisor of t and 9.
9
Suppose -2*l + 3*y = -144 + 10, -4*y = 5*l - 358. Suppose 2*s = 15*s - 91. Calculate the greatest common divisor of l and s.
7
Let x(k) = -k - 3. Let y be x(17). Let d be (-1)/(-3 + (-56)/y). Calculate the greatest common divisor of 5 and d.
5
Let c = -60 + 6. Let q be 2/2*2 + c/(-3). Calculate the highest common factor of q and 140.
20
Suppose -35 = -b - 5*m, -4*m - m = 5*b - 135. Let n = b + -18. Calculate the greatest common factor of n and 7.
7
Suppose -7*s - 61 = -600. Calculate the greatest common divisor of 33 and s.
11
Suppose -b = 2*h - 6*b - 29, 5*h - b - 38 = 0. Let s be (-147)/6*(1 - 3). What is the highest common divisor of s and h?
7
Let p(v) be the third derivative of 1/8*v**4 - 3*v**3 + 0*v + 2*v**2 + 0. Let y be p(8). What is the highest common factor of y and 15?
3
Let j(h) = -h**3 - 4*h**2 + 3*h + 2. Let y be j(-6). Suppose -16 = -4*o, 2*d - o - 38 = -d. What is the highest common factor of d and y?
14
Suppose -1 - 8 = -3*z, 2*z + 1668 = -3*c. Let a = c - -910. What is the highest common divisor of a and 32?
32
Let q = 305 + -126. Suppose -2*i + q = -141. Calculate the greatest common factor of i and 20.
20
Let u = 3 - 1. Suppose 0*b = u*b. Suppose 3*s + s - 112 = b. Calculate the greatest common factor of s and 4.
4
Let d be (-23 + 15143)/21*8/5. Calculate the highest common divisor of 216 and d.
72
Suppose -w - 127 = -m + 2*w, 2*m - 286 = -2*w. Let i = m + -128. What is the greatest common factor of 55 and i?
11
Suppose 2*j - 130 - 58 = -l, 3*l - 3*j - 573 = 0. Let d = 56 + -18. What is the highest common factor of d and l?
38
Suppose 24 = 18*k - 588. What is the greatest common divisor of 731 and k?
17
Suppose 8 = -10*k + 14*k. Suppose k*y + 5*t + 2 = 1, t = -2*y - 21. Let s = 26 + y. What is the greatest common factor of 52 and